 240 and l?
60
Let j(p) = p**3 - 6*p**2 - 12*p + 8. Let h be j(8). Suppose -3*r = -s + 18, s + 5*r = 3*s - h. Let f = 60 - s. What is the highest common factor of f and 45?
15
Suppose 0 = -2*f - 7 + 37. What is the greatest common divisor of 285 and f?
15
Let f = 123 - 79. What is the greatest common factor of f and 66?
22
Let f(h) be the first derivative of -7*h**2 + 3*h - 19. Let q be f(-1). Calculate the greatest common factor of 17 and q.
17
Let a = -11 - -15. Suppose 0 = t - 2*u - 0 - a, t - 6 = u. Calculate the highest common divisor of t and 8.
8
Let l(y) = -1 - 5 - 3*y + 11 + 8. Let x be l(3). What is the greatest common factor of 32 and x?
4
Let g = 11 + -12. Let j be (0 + g)*(3 - 10). Suppose -8*x + 3 = -j*x. What is the greatest common divisor of 12 and x?
3
Let b = 1050 + -1045. Let m(j) = -11*j + 1. Let u be m(-4). Calculate the greatest common factor of u and b.
5
Suppose 101 = 4*v - 155. Let s = -12 + 28. Let k = s + 0. Calculate the greatest common divisor of k and v.
16
Let g(o) = -8 + 0*o + 15 + 4 + o. Let q be g(12). Calculate the highest common divisor of q and 115.
23
Suppose 282*g + 108*g - 75394 - 29906 = 0. Suppose -n + 34 = w, 3*w - w - 5*n - 40 = 0. What is the highest common divisor of w and g?
30
Suppose 9 - 2 = -v. Let j(a) = -a**2 - 6*a - 1. Let s be j(v). Let x be 19 - 2*(-4)/s. What is the greatest common factor of x and 2?
2
Suppose 2*w + 2*x - 538 = 0, -x - 145 - 402 = -2*w. Calculate the greatest common divisor of 4 and w.
4
Suppose -1 = 2*z - 9. Suppose 3*o - z*a + 2 = 0, 5*o - 11 = -a + 1. Let q = -229 - -243. Calculate the highest common factor of o and q.
2
Let t(y) = y**3 + 10*y**2 - 6*y - 24. Let k be t(-10). Calculate the highest common factor of k and 252.
36
Let i(y) = 4*y + 14. Let o be i(0). What is the highest common divisor of o and 26?
2
Let w = 63 - 49. Suppose 0 = 5*f - 924 + 364. What is the highest common factor of f and w?
14
Let h(y) = -7*y - 14. Let r be h(-17). What is the greatest common factor of r and 14?
7
Suppose 0 = 4*j - i - 19 - 113, 5*i = j - 52. Suppose 4*s - 8*s = -j. What is the highest common divisor of 56 and s?
8
Suppose 16*n - 21*n = -20. What is the highest common divisor of 26 and n?
2
Let d(v) be the third derivative of v**5/30 - 7*v**4/12 + 7*v**3/3 + 17*v**2. Let j be d(7). Calculate the greatest common factor of j and 56.
14
Let s(m) = -m + 15. Let h be s(-9). Let c = -5 + 7. Suppose 3*u = 7*u + 2*f - 144, -u + 36 = c*f. Calculate the highest common divisor of h and u.
12
Let l be 111 + 4/((-12)/9). Let r be -18*(45/27 - 11/3). What is the highest common divisor of r and l?
36
Let k be ((-180)/(-8))/((-9)/12). Let g = k - -49. What is the highest common divisor of 171 and g?
19
Let q(i) = i**2 - 2*i - 4. Let b be q(5). Suppose -p = -b - 16. Let l be (7 + 2)/(1 - 0). Calculate the highest common factor of l and p.
9
Suppose -7*s + 2*s + 253 = -t, 5*s = 2*t + 256. Let q = -2909 + 2929. Calculate the greatest common factor of s and q.
10
Let f be (2*(-1)/5)/(6/(-300)). Calculate the highest common divisor of f and 30.
10
Suppose 0 = -2*n - 9 + 35. Let w be (-1)/(1/(-2)) + n. Let o(d) = d**3 + d**2 - 8*d - 1. Let i be o(-3). Calculate the greatest common divisor of i and w.
5
Let o be (110/33)/((-2)/(-90)). What is the greatest common factor of 18 and o?
6
Suppose -5*v + 57 = -3*r, -3*r + 29 = 2*v + 2*r. What is the highest common divisor of 9 and v?
3
Let r be 2/(-3)*(-75)/10. Suppose -2*n - 64 = -r*m - n, -5*m = 4*n - 44. Calculate the greatest common divisor of 12 and m.
12
Suppose -v + 2*q = 5*q - 89, 383 = 4*v + 3*q. Suppose -818 + v = -f. Suppose 0 = 3*k + k - f. What is the highest common factor of k and 20?
20
Let k be (-5)/20 - 1/(-4). Suppose k*h - 10 = -5*h. Suppose -2*i = 0, -3*l - 28 = -3*i - 70. What is the greatest common divisor of l and h?
2
Let d(t) = 27*t - 79. Let c be d(7). What is the greatest common factor of c and 20?
10
Suppose -h - p = h + 56, -108 = 4*h + p. Let a = h + 31. What is the greatest common divisor of 5 and a?
5
Suppose 0*s + 2*s - 4 = l, 5*l + 5 = -5*s. Let o be 6/(-3) - (-6 - 1). Let m be o - 1 - (l - -1). Calculate the greatest common factor of 25 and m.
5
Let a = 491 + -442. Calculate the highest common divisor of a and 21.
7
Let s = 2 - 0. Calculate the greatest common factor of 58 and s.
2
Suppose 0 = -25*x + 1908 + 192. Calculate the greatest common divisor of 42 and x.
42
Suppose -7*y - 162 = 874. Let a = -113 - y. What is the highest common divisor of a and 14?
7
Suppose 4*v + 2*m = -0*v + 80, 10 = -5*m. What is the highest common divisor of v and 189?
21
Suppose 23*s - 22*s = u + 51, s - 49 = -u. What is the highest common factor of 610 and s?
10
Let j(h) = -10*h - 10. Let t be j(-4). Suppose 25*f - 27*f + t = 0. What is the highest common factor of f and 120?
15
Let m be (16 - -3) + 1 - -2. Suppose -m - 63 = -5*r. Calculate the highest common factor of r and 17.
17
Suppose 5*j - 82 = 18. Let c = 56 - 59. Let h be c*15*(-5 + (-65)/(-15)). Calculate the greatest common factor of j and h.
10
Suppose 4*j + 6*j + 420 = 0. Let v be ((-31)/7 + 1)/(12/j). Calculate the greatest common factor of 156 and v.
12
Suppose 5*t - t - 32 = 0. Let l be 132/t*(-24)/(-36). Let o(v) = v**3 + 2*v**2 - 4*v + 3. Let g be o(2). Calculate the greatest common divisor of l and g.
11
Let d be (-1)/(-2)*0 - -2. Suppose -3*z - 27 = d*i, -5*z + 0 = 15. Let k be 3/i + 217/3. Calculate the greatest common divisor of 8 and k.
8
Suppose -h + 3*v + 31 = 0, v - 83 = -3*h + 5*v. Let n = h - 11. Let j = -209 + 211. What is the greatest common divisor of j and n?
2
Suppose -5*u = 10, 5*h - 2*u = -0*u + 424. Calculate the highest common factor of 108 and h.
12
Suppose -u - 11 = -2*v, 2*v + 3 = 2*u + 11. What is the highest common divisor of 28 and v?
7
Let s(y) = -451*y + 2709. Let v be s(6). Let g = -44 - -74. Calculate the greatest common divisor of v and g.
3
Suppose 0 = -20*v + v + 8626. Suppose -7*z + v = -680. What is the highest common divisor of 36 and z?
18
Suppose 8*r - 1164 - 1284 = 0. Calculate the highest common divisor of r and 68.
34
Let q = -8 + 11. Suppose 3*s + q - 12 = 0. What is the greatest common divisor of 9 and s?
3
Suppose -17 = k - 13. Let r(o) = 17*o**2 + o + 2. Let m be r(k). Suppose 5*p - 580 = m. What is the highest common divisor of 68 and p?
34
Suppose -5*r = 4*b - 546, -9*b - 3*r - 664 = -14*b. Suppose -b = -14*n + 90. Calculate the greatest common divisor of n and 64.
16
Let w be ((-11)/2)/((-1)/2). Let x(b) be the second derivative of -5*b**3/6 - 3*b**2/2 - 6*b. Let t be x(-5). Calculate the greatest common divisor of w and t.
11
Let c be 3/(((-30)/6)/(-25)). What is the greatest common divisor of 555 and c?
15
Let f = 2167 - 2034. What is the greatest common divisor of 247 and f?
19
Let c = 0 + 11. Suppose 58*t - 484 = 54*t. Calculate the highest common divisor of c and t.
11
Let r(l) = 7*l + 669. Let b be r(-66). Calculate the greatest common factor of 18 and b.
9
Suppose 2*w + 462 = 3*m, 2*m + 4*w = -m + 480. What is the highest common divisor of m and 48?
12
Let m(i) = -i**2 + 12*i + 30. Let c be m(14). Let a be 2 + c - 2 - (2 - 10). What is the highest common factor of a and 20?
10
Suppose -1 = q + 7. Suppose -242 = -14*k + 80. Let u = q + k. Calculate the greatest common divisor of u and 75.
15
Let t = 23751 + -23487. Suppose 51 = 4*r - 45. Calculate the highest common factor of r and t.
24
Let y = 1382 - 1368. Let h(n) = -2*n - 7. Let k be h(-5). Let u(b) = 5*b - 1. Let z be u(k). What is the greatest common factor of y and z?
14
Let y = 1324 + -1319. Let o(n) = -n**3 + 14*n**2 - 13*n + 2. Let l be o(13). Calculate the highest common divisor of y and l.
1
Let u = 188 + -95. Calculate the greatest common divisor of 496 and u.
31
Let w = -125 - -133. Let q = 136 - 96. What is the greatest common factor of q and w?
8
Let v = 69 - 68. Let j be v/(1/(-4)) + 23. What is the greatest common factor of j and 38?
19
Suppose -2*r = -18 - 18. Suppose 2 = q - r. Let i(p) = -2*p + 2. Let f be i(-3). Calculate the highest common factor of f and q.
4
Let c(h) = -7*h + 1. Let f be c(-1). Suppose t + f = 74. Calculate the greatest common divisor of 165 and t.
33
Let n(p) = -2*p**2 + 15*p - 22. Let q(v) = -4*v**2 + 29*v - 44. Let m(s) 